{"id":15,"date":"2014-05-30T19:32:20","date_gmt":"2014-05-30T19:32:20","guid":{"rendered":"http:\/\/localhost\/CasaNossa\/?page_id=15"},"modified":"2022-03-30T08:08:19","modified_gmt":"2022-03-30T08:08:19","slug":"solidariedade","status":"publish","type":"page","link":"https:\/\/casa-nossa.pt\/?page_id=15","title":{"rendered":"Solidariedade"},"content":{"rendered":"<p>A Casa Nossa \u00e9 uma institui\u00e7\u00e3o de Solidariedade Social que desempenha v\u00e1rias fun\u00e7\u00f5es.<\/p>\n<p>&nbsp;<\/p>\n<p>O apoio \u00e0 primeira inf\u00e2ncia (crian\u00e7as dos 3 aos 5 anos) revela-se a n\u00edvel do transporte, das refei\u00e7\u00f5es e do prolongamento escolar.<\/p>\n<p>Tamb\u00e9m a segunda inf\u00e2ncia \u00e9 apoiada a n\u00edvel de refei\u00e7\u00f5es e ATL.<\/p>\n<p>&nbsp;<\/p>\n<p>Sobre o apoio domicili\u00e1rio, uma das ajudas que presta, entre outras \u00e0 terceira idade, os objectivos da associa\u00e7\u00e3o passam por:<\/p>\n<p>&#8211; Assegurar aos indiv\u00edduos e fam\u00edlias satisfa\u00e7\u00e3o de necessidades b\u00e1sicas<\/p>\n<p>&#8211; Prestar cuidados de ordem f\u00edsica e apoio psicossocial aos indiv\u00edduos e fam\u00edlias, de modo a contribuir para o seu equil\u00edbrio e bem-estar<\/p>\n<p>&#8211; Colaborar e\/ou assegurar o acesso \u00e0 presta\u00e7\u00e3o de cuidados de sa\u00fade<\/p>\n<p>&nbsp;<\/p>\n<p>A Associa\u00e7\u00e3o tem ainda uma vertente cultural e de lazer que pretende promover o s\u00e3o conv\u00edvio entre a comunidade, por um lado, e participar em actividades que realcem a identidade do povo, seus usos e costumes, por outro.<\/p>\n","protected":false},"excerpt":{"rendered":"<p>A Casa Nossa \u00e9 uma institui\u00e7\u00e3o de Solidariedade Social que desempenha v\u00e1rias fun\u00e7\u00f5es. &nbsp; O apoio \u00e0 primeira inf\u00e2ncia (crian\u00e7as dos 3 aos 5 anos) revela-se a n\u00edvel do transporte, das refei\u00e7\u00f5es e do prolongamento escolar. Tamb\u00e9m a segunda inf\u00e2ncia \u00e9 apoiada a n\u00edvel de refei\u00e7\u00f5es e ATL. &nbsp; Sobre o apoio domicili\u00e1rio, uma das &hellip; <a href=\"https:\/\/casa-nossa.pt\/?page_id=15\" class=\"more-link\">Continuar a ler<span class=\"screen-reader-text\">Solidariedade<\/span> <span class=\"meta-nav\">&rarr;<\/span><\/a><\/p>\n","protected":false},"author":1,"featured_media":0,"parent":0,"menu_order":3,"comment_status":"closed","ping_status":"open","template":"","meta":{"footnotes":""},"class_list":["post-15","page","type-page","status-publish","hentry"],"_links":{"self":[{"href":"https:\/\/casa-nossa.pt\/index.php?rest_route=\/wp\/v2\/pages\/15","targetHints":{"allow":["GET"]}}],"collection":[{"href":"https:\/\/casa-nossa.pt\/index.php?rest_route=\/wp\/v2\/pages"}],"about":[{"href":"https:\/\/casa-nossa.pt\/index.php?rest_route=\/wp\/v2\/types\/page"}],"author":[{"embeddable":true,"href":"https:\/\/casa-nossa.pt\/index.php?rest_route=\/wp\/v2\/users\/1"}],"replies":[{"embeddable":true,"href":"https:\/\/casa-nossa.pt\/index.php?rest_route=%2Fwp%2Fv2%2Fcomments&post=15"}],"version-history":[{"count":1,"href":"https:\/\/casa-nossa.pt\/index.php?rest_route=\/wp\/v2\/pages\/15\/revisions"}],"predecessor-version":[{"id":16,"href":"https:\/\/casa-nossa.pt\/index.php?rest_route=\/wp\/v2\/pages\/15\/revisions\/16"}],"wp:attachment":[{"href":"https:\/\/casa-nossa.pt\/index.php?rest_route=%2Fwp%2Fv2%2Fmedia&parent=15"}],"curies":[{"name":"wp","href":"https:\/\/api.w.org\/{rel}","templated":true}]}}